6*d = z. Suppose -18 = -p - d. What is the tens digit of p?
1
Let w(t) be the third derivative of t**4/4 - 13*t**3/6 - 12*t**2. What is the tens digit of w(8)?
3
Suppose 6 = -3*k, -4*t - 2146 = -8*t - 3*k. What is the hundreds digit of t?
5
Suppose -549 + 32 = -c. What is the units digit of c?
7
Suppose l = 5*z + 3*l + 286, 3*z = 4*l - 156. Let a = 191 + z. What is the tens digit of a?
3
Let l(r) = -16*r. Let y be l(-1). Suppose 9*j = j - 64. Let m = j + y. What is the units digit of m?
8
Let s(z) = -z**2 - 12*z - 7. Suppose -3*x = -4*g - 8 + 30, -g - 32 = 3*x. What is the tens digit of s(x)?
1
Let f(c) = c**3 - 6*c**2 - 8*c - 3. Let u be f(8). Suppose -3*l + u = -125. What is the tens digit of l?
6
Let t(j) be the first derivative of 6*j**3 + 5*j**2/2 + 6*j - 9. What is the tens digit of t(-2)?
6
Let w(m) = m**3 - 3*m**2 - 7*m + 6. Let p be w(5). Let g = 7 - 7. Suppose g = -i + p + 2. What is the units digit of i?
3
Let o(r) = r**2 + 9*r - 4. Let l be o(7). Let d = 12 + -47. Let m = d + l. What is the tens digit of m?
7
Let n be (-208)/(-2) - (0 + -2). Suppose 174 = -5*i + r + 2*r, -r + n = -3*i. What is the units digit of (i/10)/((-42)/105)?
9
Let x(y) = -31*y - 483. What is the tens digit of x(-56)?
5
Let q(s) = -37*s**3 + 3*s**2 - 4*s - 5. What is the units digit of q(-2)?
1
What is the units digit of ((2810/5)/2)/(4 + -3)?
1
Let z(k) = 24*k**3 + 3*k**2 + 4*k - 27. What is the units digit of z(6)?
9
Let b = -13 + 428. What is the units digit of b?
5
Let x = -87 - -113. Suppose -15*z + x*z = 627. What is the units digit of z?
7
Let h = -565 + 1556. What is the hundreds digit of h?
9
What is the units digit of (-1)/((-9128)/(-3044) + -3)?
1
Let y = -66 - -34. Let k(q) = 11*q - 2. Let v be k(5). Let d = y + v. What is the tens digit of d?
2
Let f be 4/((6/33)/1). Let o be (6 + -7)/((-2)/f). Suppose m - 14 = -3*b, m = 2*m + 2*b - o. What is the units digit of m?
5
Let n(p) = 3 - 3*p - 7 + 2*p - 4. Let x be n(-10). Suppose x*t - 4*t + 58 = 0. What is the tens digit of t?
2
Let a = -800 - -1064. What is the hundreds digit of a?
2
Suppose -10*z + 2*z - 32 = 0. Let v be (-324)/45*10/z. What is the tens digit of 221/7 + v/42?
3
Let j = -16 - -17. Suppose 3*k - j = -7. What is the units digit of ((-16)/3)/(k/3)?
8
Let y(a) = -a**2 - 7*a - 7. Suppose -30 = 5*z - 5. Let x be y(z). Suppose x*n + n - 92 = 0. What is the units digit of n?
3
Let i be (-11)/3 + 4/6. Let c be -2 + 12/4 + i. What is the tens digit of c*(-57)/(-12)*-4?
3
Suppose -5 = 5*o, -5*o = 5*c - 0*o + 50. What is the tens digit of c/1*6/(-18) + 55?
5
Suppose -5*s + 2*a + a + 398 = 0, -s + 80 = -a. Let h = 133 - s. What is the tens digit of h?
5
Let g = 4678 + -1976. What is the tens digit of g?
0
Let h(v) be the third derivative of -v**6/120 + v**5/15 + v**4/12 - v**3 - v**2. Let f be h(5). Let b = 6 - f. What is the tens digit of b?
2
Let g(b) = -16*b - 49. Let z be g(-14). Suppose 9*k - 4*k - 289 = 4*q, -4*q = -3*k + z. What is the tens digit of k?
5
What is the tens digit of -2 + 93 + -7 + 5?
8
Let o = 134 - 60. Let c = o - -26. What is the tens digit of c?
0
Suppose -j = -3*u + 3838, -4*u - 1900 = -4*j - 7012. What is the tens digit of u?
8
What is the tens digit of 2*-26*(147/(-12) + 3)?
8
Let c(n) = 0*n + 2 - 4*n + n. Let z be (0 + -9)/((-9)/(-6)). What is the tens digit of c(z)?
2
Suppose 0 = 3*u - 21 - 213. Let v = 151 - u. What is the tens digit of v?
7
Let o(r) = -r**3 - 7*r**2 + r + 3. Let h be o(-7). Let c(x) = 113*x + 2. Let f be c(h). What is the tens digit of (2 + -1)/((-9)/f)?
5
Let i = 1073 - -276. What is the tens digit of i?
4
Let v = 68 + -65. Suppose c - 102 = v*d, -15 = -5*c - 2*d + 478. What is the units digit of c?
9
What is the hundreds digit of -5 - (-9*44 + -7)?
3
Suppose -4*f + 42 = 2. Suppose -s - f = -2*s. What is the tens digit of s?
1
Let u(c) = -2*c**3 - 9*c**2 + 5*c + 22. Suppose 50*f + 21 = 47*f. What is the hundreds digit of u(f)?
2
Suppose 79 = -7*a - 173. Let x = 14 - a. What is the tens digit of x?
5
Let v = 1720 - 801. What is the tens digit of v?
1
Let u = -8 - -11. Let m(z) = -3*z**2 + 3*z - z**2 - 5 - 91*z**3 + z**2 + 92*z**u. What is the units digit of m(3)?
4
Suppose 0*b - 2*b + 5*f = 31, -5*f + 13 = 4*b. Let c = 0 - b. Suppose 3*l = -c*l + 264. What is the units digit of l?
4
Let t(u) = 2*u**2 - 4*u + 5. Let m = 20 - 24. Let d be t(m). Suppose -4*k + l = k - 271, k - d = -l. What is the tens digit of k?
5
Let t(g) = -10*g - 14. Let s(o) = -o - 1. Let h(m) = -22*s(m) + 2*t(m). Let d be h(6). What is the tens digit of d/(-2) + 4 - -25?
2
Let n(q) = q**2 - q + 10. Let w be (2 - 2)*1/(-2). What is the tens digit of n(w)?
1
Let b(i) = 477*i + 13. What is the hundreds digit of b(1)?
4
Suppose -4*j = -j + 57. Suppose -4*a + 47 - 151 = 0. Let w = j - a. What is the units digit of w?
7
Let s(j) be the first derivative of -8*j**2 - 9 + j**2 - 26*j + 23*j. What is the units digit of s(-3)?
9
Let y = 37 + -104. Let f = -13 - y. What is the units digit of f?
4
Let i = -24 - -31. Suppose -i*o + 8*o = 120. What is the tens digit of o?
2
Let k be ((-10)/3)/(11/(66/(-4))). Suppose k*a = 677 + 108. What is the tens digit of a?
5
Let q = 145 - 205. Let y = 90 + -182. Let z = q - y. What is the units digit of z?
2
Let u = 253 + -116. Let z = 294 - u. What is the hundreds digit of z?
1
Suppose -k = -3*a + 6, 4*a - 5*k - 6 = 2. Suppose -a*o = -0*r + 3*r + 9, 4*r - o = -12. What is the units digit of 40/(r/9*-3)?
0
Suppose -4*n + 0*n - 2*y = 26, -2 = 3*n - 2*y. Let t(p) be the first derivative of -p**2/2 - p + 1. What is the units digit of t(n)?
3
Suppose -d = 2*d. Suppose d + 2 = j. Suppose j*m + 8 - 22 = 0. What is the units digit of m?
7
Suppose -2*m - 2*m = -36. Suppose 15 = 4*k - u, -u + m = 4*k - 0*u. Suppose -130 = -2*v - k*v. What is the units digit of v?
6
Let t(b) = 5 + 2 - 4*b - 4 - 2. Suppose 7 = -3*j - 2. What is the units digit of t(j)?
3
Suppose 0 = -222*z + 220*z + 1184. What is the tens digit of z?
9
Let s be 15/(-10)*(-4)/6. Let l be -4 + s - (-61 - -5). Let a = 84 - l. What is the units digit of a?
1
Let v(u) = 288*u + 169. What is the tens digit of v(5)?
0
Let c = -401 + 651. What is the units digit of c?
0
Let l = 3730 - 2108. What is the hundreds digit of l?
6
Let r(d) = d**3 + 2*d**2 - 4*d + 2. Let v(p) = p + 1. Let k be v(3). What is the tens digit of r(k)?
8
Let y(o) = o**3 - 7*o**2 - o - 15. Let a be y(7). Let r be 4 - a*(-4)/(-8). What is the units digit of 3/(-6) - r/(-2)?
7
Let t = -31 - -19. Let f = t + 12. What is the tens digit of (f + 1)*(-1 - -18)?
1
Let o(q) = -14*q - 40. Let t be o(-9). Suppose 3*x + 0*c + 3*c = 294, -x = 4*c - t. What is the hundreds digit of x?
1
Let p = 1653 + -1046. What is the tens digit of p?
0
Suppose -16*s + 18565 - 3909 = 0. What is the hundreds digit of s?
9
Let u(j) = -2*j + 3*j + 7 + 3*j**2 - 8 + 2*j. Let r be u(-4). Suppose -4*b + 3*b = -r. What is the tens digit of b?
3
Let s(c) = 13*c + 13. Let x(g) = 5*g**2 + g - 1. Let b be x(1). What is the units digit of s(b)?
8
Let q = -38 + 623. What is the units digit of q?
5
Let f be 1/(-4*(-3)/144). Let p be (-4)/(-2 + -2) + f. Suppose -4*q + p = w, 0*w - 2*w + 41 = 5*q. What is the units digit of w?
3
Suppose q + 3*q = 48. Suppose 0 = q*k - 10*k - 58. What is the tens digit of k?
2
Let n be -2 + 2 + -3 - -7. Suppose -2*i = -n*b - 24, -2*b - 2*i = b + 32. What is the units digit of (-9)/(-12) + (-98)/b?
3
Suppose -z - g + 366 = -370, -5*g = 4*z - 2944. What is the tens digit of z?
3
Let s be 3/(-12) - (-714)/(-24). What is the tens digit of (s/(-6) - -102) + 5?
1
Let u(w) = -w**2 + 9*w - 6. Let x be u(8). Suppose 0 = -5*g + x*q - 2198, -g - 4*g = -q + 2194. What is the tens digit of (-4)/6 - g/9?
4
Let x be -1 + (4 - -1 - 0). Suppose 0*g + 24 = x*g. Suppose -g*z = -z - 45. What is the units digit of z?
9
Let v = 779 - 536. Suppose -2*p = p - v. What is the tens digit of p?
8
What is the thousands digit of 319/58*4/11 - -2171?
2
Let i = -1516 - -2254. Suppose -3*c + i = 3*c. What is the hundreds digit of c?
1
Let u(r) = r**3 - 8*r**2 - 13*r + 10. Let n be u(10). Suppose -2*s + 2*j = -2*j - n, -3*s - 4*j = -110. What is the tens digit of s?
3
Let s(n) = 21*n - 25. Let b(r) = 6 - 5 + 10*r - 13. Let l(m) = 7*b(m) - 3*s(m). What is the units digit of l(5)